*4/12 + n**3/2 - n**2/2 - 55*n + 5. Suppose 0*z = -5*m + 3*z + 92, -3*m = z - 44. Let g be m/6 - 3/(-9). Calculate y(g).
-1
Let j(o) = o + 38. Let l be j(-16). Let b(h) = 27 + 5*h - 47 + l. Calculate b(2).
12
Let t(m) = -13*m - 1. Let k(r) = -r**2 + 52*r + 3. Let x(p) = -2*k(p) - 9*t(p). Let w(a) = a**2 + 6*a + 2. Let j(b) = 5*w(b) - 2*x(b). Give j(-4).
4
Let l(h) = h**3 - h**2 - 3*h + 3. Suppose 4*s - 4 = 0, -4*w - 3*s - 717 = -148. Let y = w + 145. Calculate l(y).
1
Suppose -m = 4*m + 10. Suppose 0*b = -b - f + 8, 3*b = 5*f - 16. Let k(z) = -7*z + b - 3 + 0 - 2. What is k(m)?
12
Let q(c) be the first derivative of 9/2*c**2 + 7*c + 1/3*c**3 + 17. Calculate q(-7).
-7
Let d(w) = -3*w - 4. Let y be d(-3). Suppose -y*r - 15 = 10. Let f(z) be the third derivative of z**4/12 + 17*z**2. Determine f(r).
-10
Let s(m) = 6*m - 7. Let o(p) = -p. Let t(k) = 7*k - 1. Let y(i) = 6*o(i) + t(i). Let r(f) = s(f) - 4*y(f). Give r(5).
7
Let d = 9 + -12. Let f(r) = -r**3 + 3*r + 3. Determine f(d).
21
Let q(g) be the first derivative of g**4/8 - 5*g**2/2 - 7. Let i(t) be the second derivative of q(t). What is i(-3)?
-9
Let o(g) = -5*g**3 + 4*g**3 - g**2 + 1 + 2*g**3. Let d = 28 - 27. Suppose 0 = -15*i + 16*i - d. Determine o(i).
1
Let j(r) = -12*r - 2. Suppose -44*o + 42*o = 2. Give j(o).
10
Let l(a) be the third derivative of -a**6/120 + 7*a**5/60 - a**4/3 + a**3/2 - 5*a**2. Let h be l(5). Let t(r) = 8*r - h*r + 9*r + r**2 - 1. Calculate t(-5).
4
Let z(t) = 5*t - 6. Let g(x) = 17*x - 1. Let o be g(2). Suppose 7*a + o = 10*a. Suppose -b = 3*s + a, 3*b - 2*b - 14 = 2*s. Give z(b).
14
Let v(i) = 2*i + 15. Let g be (-2)/(-6)*1*12. Let y be 15/20 - 43/g. What is v(y)?
-5
Let f(w) = -3*w**2 + w**3 - 7*w**2 - 10*w - 7*w + 9*w**2 + 17*w**2. What is f(-17)?
0
Suppose -6*h = 5*f - 4*h - 10, -2 = -f - 5*h. Let i(m) = -m**3 + 2*m**2 + 3*m - 5. Calculate i(f).
1
Let l(f) be the first derivative of 1/2*f**2 - 39 - 22*f. Calculate l(10).
-12
Let m(g) = -g**2 - 7. Let o = -151 - -151. Give m(o).
-7
Suppose -3*h = 15 - 21. Let j(b) = -5*b**3 + 4*b**2 - 4*b + 2. Determine j(h).
-30
Suppose -4*a + 5*a = 2. Let q(p) = a - 4 + 7 - 7 - 5*p. Determine q(-2).
8
Let i(f) = f**3 + 3*f**2 - 8*f - 11. Let q = -1071 + 1066. What is i(q)?
-21
Let m(x) = -x - 14. Let i = 161 - 171. What is m(i)?
-4
Let a(j) be the second derivative of j**4/12 + 7*j**3/6 + 5*j**2 - j + 7. Let c(b) = b**2 + 8*b + 11. Let i(m) = 4*a(m) - 3*c(m). Give i(-5).
12
Let w = -1649 - -1648. Let m(h) = 4*h**2 - h - 2. Determine m(w).
3
Let z(n) be the third derivative of n**6/120 + 7*n**5/60 + n**4/4 - 3*n**2. Give z(-5).
20
Let z(y) = -y - 7. Let r(g) = 10*g + 116. Let i be r(-12). Give z(i).
-3
Suppose 5*b - 11 = 3*l + 5, 0 = 3*b + 3*l - 24. Suppose 5*j - 5 = b. Let o(q) = -4*q + 1 + 0*q**j + 2*q**2 + 3*q. Calculate o(2).
7
Let s(j) = -9*j + 2. Let n be s(-3). Let u = n + -30. Let v(q) = 11*q**3 - 2*q**2 - q. Give v(u).
-12
Let z(m) = -m**3 + 4*m**2 + 3*m - 8. Let l(j) = 2*j**2 - 4. Let p be l(2). Calculate z(p).
4
Let y(w) = 9*w + 2*w - 8*w - 5*w - 6. What is y(-9)?
12
Let s(p) = -2*p + 4. Let z = -4 + 7. Suppose -13 = 2*j - 4*y - z, 5*j + y = 30. What is s(j)?
-6
Let h(n) = n**2 + n - 1. Let d(o) = -21*o**2 - 8*o + 7. Let l(c) = d(c) + 6*h(c). Determine l(1).
-16
Let z(r) = 2*r**2 - r - 16. Let j = -15 - -12. Let k be z(j). Let o(i) = i**2 - 5*i. Calculate o(k).
0
Let o(q) = -4*q + 6. Let n(b) = -3*b + 4. Let w(g) = -g**2 + 11. Let c be w(4). Let h(m) = c*o(m) + 7*n(m). Give h(-5).
3
Let x(a) = -a + 1. Let w(t) = 4*t - 2. Let v(s) = w(s) + 2*x(s). Let u be v(1). Let m(y) = 0*y**2 - 6*y**2 - 1 - 7*y + 5*y**u. What is m(-6)?
5
Let t(h) be the third derivative of 0*h - 27*h**2 - 1/60*h**5 - 1/12*h**4 + 0 - 1/3*h**3. Give t(-2).
-2
Let s(r) be the third derivative of r**6/120 + r**5/12 - 5*r**4/24 - 2*r**3/3 - 169*r**2. Calculate s(-6).
-10
Let f(l) be the third derivative of l**6/24 + l**5/60 - l**4/24 + 6*l**2. Let w = 21 - 17. Let b be (-4 - -6)*2/w. What is f(b)?
5
Let d(g) = 2*g**3 - g**2 - 7*g - 13. Let n(l) = l. Let a(t) = -d(t) - 6*n(t). Let z(q) be the first derivative of a(q). Determine z(-1).
-7
Let m(v) = -v**2 + 8*v - 9. Let q be (1/(-2) - 1)*(-192)/36. What is m(q)?
-9
Let v(d) = -3*d**3 - 2*d**2 - d + 4. Let f(z) = 7*z**3 + 4*z**2 + 2*z - 9. Let x(l) = -4*f(l) - 10*v(l). Determine x(-3).
-28
Let a(f) = -33*f**3 - f**2 - f - 1. Suppose -4*b = b - 4*w - 11, -4*w = -3*b + 13. Determine a(b).
32
Let g be 7/21*-1*-6. Let d(z) = 3*z**2 - 2*z. What is d(g)?
8
Let w(v) = -18*v**3 + v**2. Let u be (-1*1)/(24 - 25). Determine w(u).
-17
Let r(c) = -c + 19. Let d = 355 - 334. Give r(d).
-2
Let c(x) = x**3 - 5*x**2 + 3*x + 3. Suppose -a + 131 = 2*h, 0 = -h + 6*h + 3*a - 330. Let w be 18/h + (-26)/(-7). Give c(w).
-1
Let x(r) be the first derivative of -r**3/3 + r**2/2 + r - 168. Give x(-5).
-29
Let r(z) = -5*z + 2. Suppose -3*j = -56 + 8. Let d(a) = -26*a + 10. Let y(w) = j*r(w) - 3*d(w). Determine y(2).
-2
Let a(f) be the second derivative of -f**4/12 + 11*f**3/3 - 9*f**2 - 74*f. What is a(21)?
3
Let u(w) = w**3 - 7*w**2 - 9*w + 7. Let a be 38/(-6) + 8/(-12). Suppose -4*v - 450 = -390. Let g = a - v. Give u(g).
-1
Suppose a - 2*b + 3*b - 1 = 0, 3*a - 2*b - 18 = 0. Let r(s) = -s - 32 - 28 + 64. What is r(a)?
0
Let u(a) = 14*a**2 - 25*a - 3. Let h(f) = 5*f**2 - 9*f - 1. Let s(r) = -11*h(r) + 4*u(r). Let i be 2/(-4) + 14/4. Give s(i).
5
Let c be 6/8*32/(-8). Let g(u) = u + 4. Calculate g(c).
1
Let n(s) = s**3 - 11*s**2 + 2. Let m(j) = -2*j**2 + 0*j**2 - 8 + 6*j**2 + 3. Let r be m(-2). Determine n(r).
2
Let r be -2 + (-2 - (1 - 1)). Let n(s) be the second derivative of 0 - 7*s + 1/2*s**2 - 1/6*s**3. Calculate n(r).
5
Let x = 7 - 2. Let i(v) = 8*v - 17. Let l(u) = -10*u + 19. Let m(s) = 6*i(s) + 5*l(s). Give m(x).
-17
Suppose 2*k + 5*b - 8 = 6, -4*k - 2*b + 12 = 0. Suppose k*f - 12 = -f. Let o(u) be the second derivative of u**3/2 + u**2 + 2*u. Give o(f).
14
Suppose -8 = -2*x + x. Suppose -5*t = 7 + x. Let q(m) = -2. Let g(r) = 4*r + 12. Let h(j) = g(j) + 5*q(j). What is h(t)?
-10
Let b(h) = 14*h + 77. Let i be b(-6). Let n(s) = 2*s + 10. What is n(i)?
-4
Let m = 11 + -10. Let n(p) = p**2 + 2*p - 3. Let h be n(m). Let x(k) = k**3 + 1. Calculate x(h).
1
Let q(x) be the third derivative of -x**5/60 - 5*x**4/24 + x**3/2 - 33*x**2 + 2*x. Determine q(-6).
-3
Let z(g) = g**3 - 7*g**2 - 11*g + 5. Let i be 7/(-14)*(-1*2 - -6). Let n be i - (5 - 3)*-5. Calculate z(n).
-19
Let m(t) = 13*t**2 + t + 9. Let h(j) = -37*j**2 - 2*j - 26. Let z(s) = -6*h(s) - 17*m(s). Calculate z(6).
9
Let q = 34 - 31. Let r be ((-3)/((-18)/4))/(2/q). Let h(s) = -5*s**3 + s. Give h(r).
-4
Let h(s) = -15*s**2 - 16*s - 4. Let f(y) = 7*y**2 + 8*y + 2. Let r(d) = -13*f(d) - 6*h(d). Let v = 29 - 37. What is r(v)?
-2
Let t(q) = 6*q + 22. Let x(b) = 3*b + 11. Let c(r) = -3*t(r) + 7*x(r). Let m be c(5). Let o = m - 28. Let j(u) = u**3 + 4*u**2 + 4*u + 3. Determine j(o).
3
Let x = -185 + 190. Let g(a) = a**2 - 6*a - 2. Calculate g(x).
-7
Let g(y) = y + 10. Let u(l) be the second derivative of -1/2*l**2 + 0 - 13*l. Let v(w) = -g(w) - 2*u(w). Give v(0).
-8
Let l(x) be the third derivative of -x**6/120 - x**5/12 + x**4/12 + 2*x**3/3 - 9*x**2 - 32. Determine l(-3).
-20
Suppose -t = -0*t + 7. Let y(i) = -4*i + 1. Let k(d) = 14*d - 4. Let a(l) = 3*k(l) + 10*y(l). Give a(t).
-16
Let t(f) = -f - 2*f + 4*f - 933 + 938. Let n = -15 - -25. Let o = -5 + n. What is t(o)?
10
Let f(y) = -1 - y**2 - 3 + y - 4*y. Let i be (4*(0 + 6/8))/(-1). Determine f(i).
-4
Let f = -4 + 7. Suppose -2*t = -6, t = -2*c - f*t + 22. Let j(p) = 5*p**2 - 3*p**3 - c + 4*p**3 - 10*p + 12*p. Determine j(-4).
3
Let y(b) = -2*b**2 + b - 1. Let d be 4/14 + (-12)/42. Suppose 5*k - 94 + 9 = d. Suppose -8 = -s + 5*u, -2*u - k = -5*s - 0*u. Determine y(s).
-16
Let j(t) = 14*t**3 + 6*t**2 + 5*t - 17. Let s(m) be the second derivative of m**5/4 + m**4/6 + m**3/3 - 3*m**2 + 42*m. Let g(b) = 4*j(b) - 11*s(b). Give g(-3).
-5
Let v(l) be the first derivative of -2*l**3/3 + 3*l**2/2 - 4*l - 10. Let z = -4 + -1. Let o(j) = -3*j**2 + 5*j - 9. Let f(a) = z*v(a) + 3*o(a). What is f(0)?
-7
Let i(f) = 9*f**3 + 12*f**2 - 7*f - 5. Let l(q) = -5*q**3 - 6*q**2 + 4*q + 2. Let w(v) = 3*i(v) + 5*l(v). Determine w(-4).
-33
Let 